062 divide 124765926?
False
Does 5022 divide 135503604?
True
Does 90 divide 12019950?
True
Is 42 a factor of 2345336?
False
Is 232049132 a multiple of 314?
False
Is 180 a factor of 1117700280?
True
Is 1075801174 a multiple of 1666?
True
Is 21411168 a multiple of 813?
True
Does 19 divide 1214163?
False
Is 149977764 a multiple of 531?
True
Does 369 divide 150475986?
True
Does 544 divide 147488696?
False
Is 166912932 a multiple of 69?
True
Is 1283001500 a multiple of 2435?
True
Is 801462290 a multiple of 8?
False
Is 65 a factor of 308956635?
True
Does 9 divide 84160962?
True
Is 767 a factor of 143883397?
False
Does 1344 divide 1552246080?
True
Is 1214605044 a multiple of 23?
False
Is 6733573 a multiple of 414?
False
Is 109 a factor of 122284088?
False
Is 57 a factor of 133409170?
False
Is 1850094150 a multiple of 25?
True
Is 11266873 a multiple of 34?
False
Does 48 divide 24017030?
False
Is 833192362 a multiple of 146?
True
Does 30 divide 1915251883?
False
Does 1169 divide 325637809?
True
Does 917 divide 632505283?
False
Is 207 a factor of 48268231?
False
Does 26 divide 20462067?
False
Is 1097 a factor of 89861852?
True
Does 51 divide 581914?
False
Is 600 a factor of 619752000?
True
Does 20 divide 15034970?
False
Is 240798756 a multiple of 11?
True
Is 21 a factor of 649762533?
True
Does 99 divide 124076403?
True
Is 16671152 a multiple of 32?
False
Is 54629162 a multiple of 237?
False
Is 2517733487 a multiple of 3981?
False
Is 63 a factor of 283159787?
False
Is 31163564 a multiple of 59?
True
Is 209119050 a multiple of 630?
True
Is 5664 a factor of 529102560?
True
Does 24 divide 34147444?
False
Does 946 divide 6245578064?
False
Is 413 a factor of 74199993?
True
Does 114 divide 3877183083?
False
Does 71 divide 199298298?
False
Does 50 divide 3233632?
False
Is 442829336 a multiple of 10?
False
Is 5172 a factor of 1222309104?
True
Is 2291845395 a multiple of 21?
True
Is 6712 a factor of 6080091274?
False
Is 39222144 a multiple of 1248?
True
Does 372 divide 78479724?
True
Is 54454440 a multiple of 10?
True
Does 408 divide 834000144?
True
Is 263317697 a multiple of 7?
False
Is 38126640 a multiple of 23?
True
Is 12 a factor of 222742020?
True
Is 87072332 a multiple of 290?
False
Does 5 divide 295144930?
True
Does 280 divide 39182640?
True
Is 62960996 a multiple of 4886?
True
Is 622 a factor of 71241392?
True
Does 154 divide 632176687?
False
Is 77 a factor of 182822409?
True
Does 33 divide 29268822?
True
Is 472 a factor of 18868286?
False
Is 78 a factor of 539269?
False
Is 3 a factor of 333830086?
False
Does 2826 divide 764079750?
True
Is 82 a factor of 648520982?
False
Does 76 divide 83893892?
True
Does 787 divide 107000220?
False
Is 32 a factor of 922194464?
True
Is 314 a factor of 8861511?
False
Is 15 a factor of 4564446867?
False
Does 174 divide 41412013?
False
Is 123 a factor of 157610601?
True
Does 1778 divide 896366179?
False
Is 2852003588 a multiple of 102?
False
Is 163629882 a multiple of 303?
False
Does 15 divide 194414642?
False
Is 164 a factor of 439923112?
True
Does 73 divide 236102221?
True
Is 644117565 a multiple of 871?
True
Is 14 a factor of 5574967?
False
Does 2203 divide 48911006?
True
Does 178 divide 7743965?
False
Does 826 divide 11430267?
False
Does 7 divide 1114782221?
True
Does 24 divide 279502712?
False
Is 3254 a factor of 1737453776?
True
Is 32 a factor of 98958304?
True
Is 109 a factor of 57152664?
False
Does 11 divide 7312075903?
True
Is 3178 a factor of 1746737119?
False
Is 241398724 a multiple of 28?
True
Does 7 divide 11600365?
True
Is 873 a factor of 565421954?
False
Is 66 a factor of 37012901?
False
Does 7 divide 6684518?
False
Is 2319822971 a multiple of 5808?
False
Is 646960708 a multiple of 21?
False
Does 194 divide 9402823?
False
Does 21 divide 13378768?
False
Is 278498364 a multiple of 268?
True
Is 927 a factor of 278520567?
False
Is 157061268 a multiple of 162?
True
Does 678 divide 74125885?
False
Does 38 divide 44370330?
False
Is 626 a factor of 649769416?
False
Is 320913645 a multiple of 6114?
False
Is 19 a factor of 2538903?
False
Does 5939 divide 460284378?
True
Is 83 a factor of 33846736?
True
Is 18830049 a multiple of 2667?
False
Does 18 divide 1415395548?
True
Is 292542408 a multiple of 108?
True
Does 5 divide 3553509?
False
Is 1930759929 a multiple of 822?
False
Does 1151 divide 9834144?
True
Is 56877381 a multiple of 363?
True
Does 100 divide 784190002?
False
Is 8 a factor of 1821534?
False
Does 362 divide 3452585?
False
Is 107637647 a multiple of 7?
False
Is 77 a factor of 25939683?
True
Is 351726716 a multiple of 11?
True
Does 4915 divide 35516956?
False
Is 15 a factor of 434160540?
True
Is 26180181 a multiple of 61?
False
Is 183646666 a multiple of 1165?
False
Is 5633 a factor of 1064242690?
True
Is 5977818358 a multiple of 391?
True
Is 131 a factor of 14606183?
False
Does 828 divide 43318530?
False
Is 12 a factor of 409562184?
True
Is 392212112 a multiple of 439?
False
Is 31 a factor of 308409235?
True
Is 15101197 a multiple of 435?
False
Is 419 a factor of 39476183?
False
Is 37181090 a multiple of 530?
True
Is 616248912 a multiple of 7548?
True
Does 1560 divide 36181080?
True
Is 969 a factor of 8133786?
True
Is 1661393118 a multiple of 294?
True
Is 470219076 a multiple of 12?
True
Is 74932017 a multiple of 325?
False
Is 525128108 a multiple of 13?
False
Is 127 a factor of 80267175?
True
Does 3404 divide 524297696?
True
Is 482230687 a multiple of 1218?
False
Is 281 a factor of 1174844099?
False
Does 278 divide 87730891?
False
Does 87 divide 4496098?
False
Does 59 divide 23175455?
False
Does 259 divide 1886074?
False
Does 68 divide 5374445008?
True
Is 854 a factor of 1429585413?
False
Is 366581750 a multiple of 43?
False
Does 11 divide 86749606?
False
Is 14 a factor of 1246076497?
False
Is 568 a factor of 33215504?
True
Is 13117535 a multiple of 449?
True
Does 125 divide 10209000?
True
Is 186550513 a multiple of 5613?
False
Does 21 divide 3019740234?
True
Is 614 a factor of 799568378?
False
Is 22 a factor of 213994267?
False
Is 2100059946 a multiple of 2669?
True
Is 189432072 a multiple of 72?
True
Is 136066007 a multiple of 291?
False
Is 92232280 a multiple of 5?
True
Is 665 a factor of 708403807?
False
Is 136670808 a multiple of 8?
True
Does 3 divide 28913883?
True
Is 38 a factor of 2088080943?
False
Is 59 a factor of 1623326?
True
Is 182 a factor of 106003534?
True
Is 25 a factor of 61233152?
False
Is 1733320755 a multiple of 14?
False
Does 1275 divide 62954376?
False
Is 39 a factor of 181057289?
False
Is 62 a factor of 99583594?
True
Does 14 divide 4574248?
True
Is 328391193 a multiple of 1703?
True
Is 9 a factor of 96623685?
True
Is 80639300 a multiple of 2?
True
Does 38 divide 464517320?
True
Is 3118068 a multiple of 4?
True
Is 7371 a factor of 76053978?
True
Does 94 divide 71985939?
False
Does 1617 divide 213309122?
False
Is 702 a factor of 22453298?
False
Is 1998 a factor of 141284574?
True
Does 147 divide 485178631?
False
Is 6 a factor of 95239501?
False
Does 487 divide 832495332?
True
Is 38 a factor of 2746826?
False
Is 197146943 a multiple of 833?
True
Does 3 divide 253331099?
False
Is 551047581 a multiple of 8?
False
Is 14 a factor of 14853272?
True
Does 3596 divide 109001952?
True
Is 65 a factor of 536221868?
False
Is 1240029360 a multiple of 36?
True
Is 364 a factor of 1381380?
True
Is 378872416 a multiple of 104?
True
Is 15 a factor of 46019284?
False
Is 78 a factor of 4272692892?
True
Is 8 a factor of 551529136?
True
Does 3537 divide 1873985494?
False
Is 267 a factor of 21257472?
True
Is 142 a factor of 7754336?
True
Is 10381095 a multiple of 655?
True
Does 5020 divide 176215159?
False
Is 8 a factor of 1045526464?
True
Is 27850681 a multiple of 6?
False
Does 53 divide 475397863?
True
Does 761 divide 2889909676?
True
Is 837 a factor of 28461348?
True
Is 1421472622 a multiple of 117?
False
Is 64 a factor of 3128192?
True
Is 26589508 a multiple of 121?
True
Does 38 divide 13396997?
False
Is 2665 a factor of 204120345?
True
Is 705 a factor of 235365205?
False
Is 2 a factor of 975535056?
True
Does 43 divide 294014220?
True
Is 382196436 a multiple of 29?
False
Is 14 a factor of 509443248?
False
Is 27960088 a multiple of 13?
True
Is 1200 a factor of 704281200?
True
Does 1223 divide 22119300